= -33*p - 3. Let t be q(-4). What is the greatest common divisor of t and z?
43
Let p(i) = i**3 + 5*i**2 - 35*i + 10. Let c be p(-9). Calculate the greatest common factor of c and 17.
1
Let k(q) be the second derivative of -9*q + q**2 + 0 - 7/6*q**3. Let w be k(-3). What is the highest common factor of 23 and w?
23
Suppose 2*n + 5*f = 26, -4*n = 2*f - 0*f - 68. Suppose n*b + 129 = 4*a + 15*b, 2*b = 2*a - 66. Calculate the greatest common divisor of a and 50.
10
Suppose -19*g - 2*v - 5048 = -24*g, 3*g - 3033 = -3*v. Calculate the highest common factor of g and 2222.
202
Let m be 7/(2/(6 + 0)). Suppose -15 = 4*n - 3, x - 5*n = 18. Let k be ((-12)/10)/x - 85/(-25). What is the highest common divisor of k and m?
3
Suppose 5*c - 1752 - 2103 = -3*x, 2*c - 4*x = 1516. Calculate the highest common factor of 48 and c.
48
Let s(g) = -g**3 + 19*g**2 + 23*g - 42. Let j be s(20). What is the greatest common divisor of j and 4626?
18
Suppose -3*i = -2*u + 66, 61 + 1 = 2*u - 5*i. What is the greatest common divisor of 1260 and u?
36
Let n = -83 + 140. Let h be 144713/846 - 5/90. What is the highest common divisor of n and h?
57
Suppose -24*m - 103*m - 18*m = -1450. Let f be (-4250)/(-8) - 5/4. Calculate the highest common divisor of f and m.
10
Suppose 2*i - v - 54 = 3*v, 0 = -2*i - 2*v + 84. Let q = 33 - i. Let n(k) = -8*k - 9. Let b be n(q). What is the highest common factor of b and 161?
23
Let i(g) = -187*g**3 + 6*g**2 + 65*g + 114. Let p be i(-4). What is the greatest common factor of 606 and p?
202
Let u be ((-880)/(-32) - 8)/((-3)/(-784)). Calculate the greatest common factor of u and 168.
56
Suppose 0 = -8*v - 8*z + 3*z + 852, -4*v - z = -420. What is the greatest common factor of v and 88?
8
Suppose -15*z - 120 = 0, 0*z + 5*z - 18447 = -r. Calculate the greatest common divisor of 133 and r.
133
Let k = 18226 - 18198. What is the greatest common factor of k and 6524?
28
Suppose -18*x = -38*x + 3160. What is the greatest common divisor of x and 2?
2
Suppose -4010 = -6*s + 2206. What is the highest common divisor of 112 and s?
28
Suppose 1296 = -50*h + 56*h. Suppose -7*s = -43 - h. Calculate the highest common factor of 74 and s.
37
Suppose 2*j - 3*q + 5 = 0, 2*j + 5 = -2*j + 5*q. Suppose -11*y + 16*y = -750. Let o = y + 155. Calculate the highest common divisor of o and j.
5
Let u be 4/6 - 430/15. Let k = u + 47. What is the greatest common factor of 95 and k?
19
Let r = 115 - 113. Let i(p) = -42 + 40 + 2*p**2 - p + r*p + 11*p**3. Let a be i(2). Calculate the highest common divisor of a and 6.
6
Let o(l) = -8*l**2 - 50*l - 8. Let f be o(-6). Suppose 0 = -0*w - f*w + 452. What is the highest common divisor of 1 and w?
1
Let q = -602 + 849. Suppose 0 = s - 5, -4*s - 324 = 6*d + 3208. Let p = d + 605. What is the greatest common factor of p and q?
13
Let t(g) = 27*g**3 - 54*g**2 - 3*g - 15. Let v be t(5). What is the highest common factor of 6555 and v?
285
Let n(p) = -2*p**2 + 5*p + 71. Let j be n(-5). Let h be 4/(4/949) + j. Calculate the greatest common factor of 15 and h.
15
Let k be -1 + (-2 - (-1 + 3)) + -1. Suppose 5 = 5*n - 10*n. Let l be n*177/(-6) - k/(-4). Calculate the highest common divisor of 140 and l.
28
Suppose 0 = 7*w - 29*w + 64680. Suppose -5*o + w = 30*o. What is the highest common factor of 108 and o?
12
Let r(g) = 2*g**2 - 34*g - 23. Let s be r(18). Suppose -18 = s*x - 83. Calculate the highest common divisor of x and 3.
1
Let m be (-3)/9 + (-7)/(-3)*(114 + -71). What is the greatest common divisor of m and 375?
25
Let j = 22 + -4. Let a be 6/9 + 1338/j. Let g = -71 + a. Calculate the greatest common divisor of 10 and g.
2
Let w = -235 - -132. Let r = w + 107. Let v be (21/7 - r)/((-2)/8). What is the greatest common divisor of 44 and v?
4
Suppose -l + 34 = 4*n, -5*l - 139 = 3*n - 173. What is the highest common divisor of n and 968?
8
Let g = 8 + -6. Suppose 2 = 4*p - g*v, -4*p + 3 = 3*v - 4*v. Let k(y) = -62*y - 120. Let l be k(-2). What is the highest common factor of p and l?
1
Let a(g) = 2*g - 18. Let q be a(11). Suppose 3*m - 16 = -q. Suppose -63 = -m*d - 5*c - 19, -3*c = -4*d + 44. What is the highest common factor of d and 55?
11
Let k be 2/14*(1428 - -49). What is the highest common divisor of 10761 and k?
211
Let t be 56/(-6)*(-35)/((-3430)/(-756)). Calculate the greatest common factor of t and 296.
8
Let r = -12673 - -12674. Let c be -2 + 34 - (-2 - -2). What is the greatest common divisor of r and c?
1
Suppose 0*z + z - 7*z = -72. What is the greatest common divisor of z and 76?
4
Let b(h) = -h**3 + 2*h - 15. Let a be b(0). Let u be -10*(-1 - 3/a). Let w be (-1)/(1/u*(-12)/15). Calculate the highest common divisor of 90 and w.
10
Let s(o) = -4*o**2 - 10*o + 31. Let x be s(-6). Let a be -3*(-4)/30*(x - -203). What is the highest common factor of a and 40?
20
Let j be ((-24)/(-9))/((-3)/9). Let b = 1252 + -1253. Let s be (-1 + b + j + -7)/(-1). Calculate the greatest common factor of 17 and s.
17
Let r = -55 + 214. Calculate the highest common divisor of 24 and r.
3
Suppose 3*f = -3, 12*f = b + 8*f - 17. Suppose -b*j - 572 = -17*j + k, -j - 4*k = -160. Calculate the greatest common factor of j and 36.
36
Let a = -3303 - -3877. Calculate the highest common divisor of a and 410.
82
Let d(t) = -2*t**2 - t + 8. Let p be d(6). Suppose 18*j = 16*j - 50. Let n = j - p. Calculate the greatest common factor of n and 9.
9
Let m be 6/(-8)*40/(-10). Suppose 2*n = -2*n - m*t + 184, 2*n = 4*t + 70. Let h = n + -35. What is the greatest common divisor of 88 and h?
8
Let v(n) = -4*n**3 + 6*n**2 - 12*n - 8. Let j be v(-6). What is the greatest common divisor of 704 and j?
88
Let o be (-29811)/(-114) - 3/2. What is the greatest common factor of 850 and o?
10
Let w(t) = t**3 + 2*t**2 - 5*t - 9. Let s be w(-3). Let o be -2 - (634/4)/(s/6). What is the highest common divisor of 35 and o?
35
Let t be (-6)/(((-4)/6)/2). Suppose -3*o = -0*o - t. Suppose -9*u = 5*u - 420. What is the greatest common factor of o and u?
6
Suppose 0 = -8826*h + 8832*h - 15113 + 1337. Calculate the greatest common divisor of 3731 and h.
287
Suppose 10*u + 9867 = 23*u. Let a = -695 + u. Calculate the highest common divisor of a and 20.
4
Suppose 2*h - 1918 = -11008. Let j be h/(-150) + 9/(-30). What is the highest common factor of 280 and j?
10
Let x(p) = 8*p**3 - 2*p**2 - p + 7. Let f be x(2). What is the highest common divisor of f and 2623?
61
Suppose -802 + 98 = -44*c. Calculate the greatest common divisor of c and 34192.
16
Let w(r) = 5*r**3 - 7*r - 3. Let l be w(6). Let h = l + -586. Suppose -4*g = -4*c + 420, h - 134 = 3*c - 2*g. Calculate the greatest common divisor of c and 15.
15
Let j be (-14)/105*6 + (-1524)/(-5). Let w = j - 294. Calculate the highest common divisor of 45 and w.
5
Suppose 4*t = 5*j + 725, -2*t + 3*j + j = -370. Let q = -36069 - -36169. What is the highest common factor of t and q?
25
Let w(i) = 4*i**2 + 4*i + 13. Let q be w(12). Let t be (-4)/(1*(-16)/392). Calculate the highest common factor of q and t.
49
Let f(t) = -9*t - 3. Suppose 2*z + 4*i = 12, 3*i - 3 = -z + 8. Let w be f(z). Calculate the highest common factor of w and 6.
3
Let i be (2 + 16/(-10))/((-3)/900). Let d be (i/7)/(2/(-28)). What is the greatest common divisor of d and 144?
48
Suppose 43*r + 5 = 44*r. Let s = -42 + 42. Suppose 3*k + s*k - 15 = 0. What is the greatest common factor of k and r?
5
Let z = -845 - -992. What is the greatest common divisor of z and 2401?
49
Let j(b) = 1237*b + 3729. Let w be j(-3). What is the highest common factor of w and 62838?
18
Let v(h) = 26*h + 2630. Let f be v(-97). Suppose 16 - 116 = 2*o. Let l = f + o. What is the highest common factor of l and 29?
29
Suppose -m - 2*g + 6 = -16, -2*m - 2*g = -36. Let r(n) = -57*n + 6. Let y be r(4). Let t be y/(-4) - 4/(-8). What is the greatest common divisor of m and t?
14
Suppose -3*b + q = -78, 5*b + 4*q = 3*b + 66. Suppose b*g - 29*g = -134. Suppose -50 - g = -9*v. Calculate the greatest common divisor of v and 26.
13
Suppose 8*h = 6371 + 1997. Suppose 2*q + 366 = -4*b + h, 4*q = -2*b + 1348. Suppose -2*f + q = 40. What is the greatest common divisor of 37 and f?
37
Suppose 5*c = 5*j + 95, -4*c + 2*j = -182 + 98. Let h(z) = 160*z**2 + 1. Let g be h(-1). What is the greatest common factor o